at is the remainder when p(-1) is divided by g?
7
Let a be 64/(-20)*(-10)/4. What is the remainder when a - (-1)/(1/3) is divided by 6?
5
Suppose 0 = v - 5*i - 77, -2*v + 5*i = -6*v + 258. Calculate the remainder when v is divided by 36.
31
Suppose 6*u - u - 3270 = 0. Calculate the remainder when (-9)/(-21) + u/42 is divided by 10.
6
Suppose -3*m + 55 = -110. Let c = m - -52. Calculate the remainder when c is divided by 27.
26
Suppose 2*u - 26 = -3*a, u + 0 + 2 = 0. Calculate the remainder when (0/(-2) + -1)*-39 is divided by a.
9
Suppose 2*y + 7 = s - 14, -3*s - 2*y = -39. What is the remainder when 29 is divided by s?
14
Suppose -3*c - 4 = 3*f + c, 4*f - 5 = 5*c. Let l(m) = m**3 - m**2 + m + 23. What is the remainder when l(f) is divided by 6?
5
Suppose -v + 1 = -0*v. Let d = v - -6. What is the remainder when d is divided by 4?
3
Let r = 16 + -9. Suppose -2*z - 4*l + 66 = -0*z, 15 = 5*l. What is the remainder when z is divided by r?
6
What is the remainder when 45 is divided by (-5 - (-14 - -3))*(-13)/(-3)?
19
Let p(s) = 3*s - 11. Calculate the remainder when p(15) is divided by 8 - 2 - -2 - -1.
7
Let y(q) = -q**2 - 5*q + 1. Let c be y(-3). Let n(p) = 10 + 11 - c - p. Calculate the remainder when n(0) is divided by 5.
4
Suppose 5*u - 4 + 10 = -c, -3*c = u - 24. Let s be (-4)/(-6)*12/(-8). Calculate the remainder when 15 + (0/(-2) - s) is divided by c.
7
Let x = 70 + 5. Suppose 42 = 2*i + r, 10*i - x = 5*i + 5*r. What is the remainder when i is divided by 7?
5
Suppose 4*q = 4*x - 28, -5*q + 4 = x - 21. Let d be 3/(3*(-2)/(-4)). Suppose 0 = -5*k, d*a + k - 12 = -0*a. Calculate the remainder when x is divided by a.
4
Suppose 2*z = 4*j + 24, 3*z + 0*j = -5*j - 19. Calculate the remainder when 5 is divided by z.
1
Suppose v - 2 = -0. Suppose 2*d + v - 6 = 0. Suppose d*l + l - 42 = 0. Calculate the remainder when 27 is divided by l.
13
Let v(h) = h - 6. Let k be v(9). Suppose 0*q = -4*s - k*q + 22, 2*s = 3*q + 2. Suppose s - 13 = -t. Calculate the remainder when 16 is divided by t.
7
Let s(u) be the second derivative of u**4/4 - u**3/3 + u**2/2 + 3*u. Suppose -2 = 2*m - 2*c, 3*c - 5 = m + 2. What is the remainder when 26 is divided by s(m)?
8
Let y = -33 + 71. Suppose 0 = -3*m + 5*v + 27 + 30, -2*m + y = -4*v. Let t(n) = 6*n**2 + 1. Calculate the remainder when m is divided by t(-1).
5
Let t be 1 + 0 - 8/(-4). Suppose 3*z - 24 + 69 = t*r, -8 = 4*z. Let i(v) = -v**3 - 4*v**2 + 7*v + 7. Calculate the remainder when i(-6) is divided by r.
11
Let n(f) = f**2 - 2*f. Let b = 4 - -1. What is the remainder when n(b) is divided by 8?
7
Suppose 0 = -3*f + 4*k + 134, 0 = -f - 2*k - k + 62. Calculate the remainder when f is divided by 17.
16
Let y = -41 - -53. Let h = -1 - -6. Calculate the remainder when y is divided by h.
2
Suppose -3*f + 9 = 0, 5*o - 24 = f + f. Calculate the remainder when 17 is divided by o.
5
Let i(m) = 3*m - 3. Let h be i(2). Suppose 0 = -h*n - 2*n + 75. Suppose c - 5 = 0, 2*c + 45 + n = 5*w. Calculate the remainder when 25 is divided by w.
11
Let l(r) = -r**3 + 8*r**2 - 2*r - 10. Let n(f) = -f - 3. Let j be n(-10). What is the remainder when l(j) is divided by 7?
4
Let u(r) = 7*r**2 + 12*r + 11. Let i(z) = -10*z - 2. Calculate the remainder when i(-3) is divided by u(-1).
4
Suppose 2*i - 42 = i. Calculate the remainder when i is divided by (24/6 - -2) + 3.
6
Suppose 2*r = 4*r - 60. Calculate the remainder when r is divided by 8.
6
Let o(r) = -16*r. What is the remainder when 8*((-28)/(-16) + 2) is divided by o(-1)?
14
Let q(s) = -2*s - 1. What is the remainder when (-45)/6*(-2 + 2/3) is divided by q(-4)?
3
Suppose -l + 26 = 2*i - 0*i, 2*i = 0. Suppose -5*c = 4*k - l, -3*c - 10 = -4*k - 0*c. Suppose 80 = o + k*o. What is the remainder when 46 is divided by o?
14
Let j = 25 - 23. Suppose o = -j*s + 23, -s - 1 + 26 = o. Calculate the remainder when 80 is divided by o.
26
Let d = 5 + -3. Let g(y) = -y + 4 - 2*y + d*y. Calculate the remainder when 20 is divided by g(-3).
6
Let q(j) = j**2 + 5*j. Let b be q(-10). Suppose -b = -4*s + 2*s. Suppose -16 = -6*p + 2*p, -2*v = -2*p - 18. Calculate the remainder when s is divided by v.
12
Let j = -28 + 61. Calculate the remainder when j is divided by 9.
6
Let s(f) = -f**3 - 19*f**2 - f + 18. What is the remainder when s(-19) is divided by 10?
7
Let d = -3 - -5. Suppose t - 81 = -d*u, -t = -5*u + u + 159. Suppose -6*w + 2*w + 8 = 0, 4*i - w - 54 = 0. What is the remainder when u is divided by i?
12
Let v = 41 - -19. Suppose 3*s = v + 18. What is the remainder when s is divided by 9?
8
Suppose -1 = -6*r + 3*r - u, 5*u = -2*r - 8. What is the remainder when 1*(0 + r) - -49 is divided by 13?
11
Let v(h) = 4 + 1 - 4 - 4 + 25*h. What is the remainder when v(2) is divided by 12?
11
Let m = -103 + 185. Suppose -2*o + 4*o - 42 = 0. What is the remainder when m is divided by o?
19
Suppose 3*k = k + 118. Calculate the remainder when k is divided by 20.
19
Let z = -210 - -220. Calculate the remainder when 76 is divided by z.
6
Suppose -4*m - 6*c = -2*c - 100, -2*m + 5*c + 29 = 0. What is the remainder when m is divided by 13?
9
Let l be 4/3*(-6)/(-4). Suppose 3*x - q - 12 = 0, -l*x + 2*q - 7*q = -8. Calculate the remainder when 25 is divided by (2 - x)/2*-9.
7
Suppose -4*t + 31 = -21. Calculate the remainder when 35 is divided by t.
9
Let k(q) = q. Calculate the remainder when 23 is divided by k(6).
5
Let j = 5 + -28. Let w = -11 - j. What is the remainder when 21 is divided by w?
9
Let p = -18 + 34. Let k = p - 38. Let q = 37 + k. Calculate the remainder when 44 is divided by q.
14
Suppose -v - 85 = -6*v. What is the remainder when 32 is divided by v?
15
Let p = 18 + -17. Suppose 3*m = 2*z - 0*m - 8, -3*m = 3*z + 3. Calculate the remainder when z is divided by p.
0
Let u be (2/3)/((-4)/(-60)). Suppose 0 = -v + 1 + u. What is the remainder when 0/(1*-1) - -20 is divided by v?
9
Suppose 0*k = -4*k + 16. Suppose 5*l = 2*f + 18, 1 = k*f + l - 7. Calculate the remainder when 1 is divided by f.
0
Let x(a) = -2*a - 10. Let n(d) = -2*d + 6*d - d**2 + 0*d. Calculate the remainder when x(-7) is divided by n(3).
1
Suppose 23*w - 170 - 428 = 0. Calculate the remainder when w is divided by 15.
11
What is the remainder when ((-93)/(-6) - 3)*2 is divided by 9?
7
Let q(h) = -8*h + 1. What is the remainder when ((-4)/10)/((-3)/255) is divided by q(-1)?
7
Suppose 6*z = 2*z + 4*g + 40, -z + 4*g = -16. Suppose -2 = 3*y - z. Suppose 4*f + 0*f = v - 37, -50 = -2*v + y*f. What is the remainder when 61 is divided by v?
19
Suppose -4*f = 4*c + 172, -2*c + 0*f - f - 90 = 0. Let u(x) = 71*x**2 - x. Let n be u(1). Let p = c + n. What is the remainder when p is divided by 8?
7
Let p be 730/60 - 2/12. Let c = 31 - p. What is the remainder when c is divided by 10?
9
Suppose -2*b - 7 = 1, d - 14 = 2*b. What is the remainder when 23 - (-8)/(20/(-5)) is divided by d?
3
Let m = 255 - 205. What is the remainder when m is divided by (1 - (1 + 1)) + 27?
24
Let x be ((-5)/2)/(-5)*0. Suppose x = -5*w - 8 + 78. What is the remainder when (6/(-5))/((-6)/200) is divided by w?
12
Let m = -57 - -118. What is the remainder when m is divided by (-1)/((-2)/10) - -11?
13
Suppose 0 = 2*k + c + 10 - 33, -95 = -5*k + 5*c. Suppose k = l + l. Calculate the remainder when 12 is divided by l.
5
Suppose -3*d = -5*l + 62, 3*l - 24 = d - 2*l. Let u = -9 - d. Calculate the remainder when 18 is divided by u.
8
Suppose -3*r + 5*m = -2*r - 39, -5*r - 4*m + 108 = 0. What is the remainder when 116 is divided by r?
20
Suppose -4*t + 4 = 4*k, t - k + 3 = -4*k. Calculate the remainder when 8 is divided by t.
2
Let l = -23 + 45. What is the remainder when 85 is divided by l?
19
Let t be 2/9 - (-2)/(-9). Suppose t = -5*r - 12 + 47. Calculate the remainder when r is divided by (9 - 2) + -1 + -2.
3
Suppose -14 = -2*h + 26. Calculate the remainder when h is divided by 11.
9
Let a(i) = -i**3 + 3*i**2 + 6*i - 3. Let y be a(4). Suppose h - 4*c = 376, -c = 2*h - 0*h - 797. Calculate the remainder when h/20 - (-1)/y is divided by 7.
6
Let b(f) = -2*f - 2. Let i(u) = u**3 + 3*u**2 + 4*u + 4. Let t be i(-3). Calculate the remainder when b(t) is divided by 4.
2
Let f(s) = s**2 + 9*s - 94. Suppose 3 + 0 = 3*i. Let o(j) = 12*j**3 - 2*j**2 + 2*j - 1. Calculate the remainder when f(8) i